{"id":110,"date":"2017-04-26T11:38:46","date_gmt":"2017-04-26T11:38:46","guid":{"rendered":"http:\/\/xn--galerie-kunststcke-mnchen-twcf.de\/?page_id=110"},"modified":"2017-07-30T11:45:40","modified_gmt":"2017-07-30T11:45:40","slug":"kunstberatung","status":"publish","type":"page","link":"https:\/\/www.galerie-kunststuecke-muenchen.de\/?page_id=110","title":{"rendered":"KUNSTBERATUNG"},"content":{"rendered":"<p>[et_pb_section bb_built=&#8220;1&#8243; _builder_version=&#8220;3.0.59&#8243; background_color=&#8220;#d8d8d8&#8243;][et_pb_row][et_pb_column type=&#8220;4_4&#8243;][et_pb_text _builder_version=&#8220;3.0.59&#8243; background_layout=&#8220;light&#8220; text_orientation=&#8220;left&#8220; border_style=&#8220;solid&#8220;]<\/p>\n<h1>Individuelle Kunst-Beratung und Konzepte f\u00fcr private und gesch\u00e4ftliche Interieurs<\/h1>\n<p>[\/et_pb_text][\/et_pb_column][\/et_pb_row][et_pb_row _builder_version=&#8220;3.0.47&#8243; background_size=&#8220;initial&#8220; background_position=&#8220;top_left&#8220; background_repeat=&#8220;repeat&#8220; custom_padding=&#8220;27px|0px|27px|0px&#8220;][et_pb_column type=&#8220;1_2&#8243;][et_pb_image _builder_version=&#8220;3.0.59&#8243; src=&#8220;https:\/\/www.galerie-kunststuecke-muenchen.de\/wp-content\/uploads\/2017\/04\/rote-wand.png&#8220; show_in_lightbox=&#8220;off&#8220; url_new_window=&#8220;off&#8220; use_overlay=&#8220;off&#8220; sticky=&#8220;off&#8220; align=&#8220;left&#8220; always_center_on_mobile=&#8220;on&#8220; border_style=&#8220;solid&#8220; force_fullwidth=&#8220;off&#8220; \/][et_pb_text _builder_version=&#8220;3.0.59&#8243; background_layout=&#8220;light&#8220; text_orientation=&#8220;left&#8220; border_style=&#8220;solid&#8220;]<\/p>\n<h1>ZEIGEN SIE IHREN PERS\u00d6NLICHEN STIL<\/h1>\n<p>Gerne machen wir uns in Ihrem Auftrag auch auf die Suche nach speziellen Bildern bzw. Skulpturen. Auf Wunsch beraten wir Sie auch bei der k\u00fcnstlerischen Gestaltung Ihres Gartens oder Ihrer Au\u00dfenanlagen. Auch f\u00fcr Unternehmen bieten wir individuelle Konzepte in Sachen Kunst und erarbeiten individuelle L\u00f6sungen zur St\u00e4rkung Ihrer Unternehmenskultur.<\/p>\n<p>[\/et_pb_text][et_pb_image _builder_version=&#8220;3.0.59&#8243; src=&#8220;https:\/\/www.galerie-kunststuecke-muenchen.de\/wp-content\/uploads\/2017\/04\/wall-mockup-e1499978626971.png&#8220; show_in_lightbox=&#8220;off&#8220; url_new_window=&#8220;off&#8220; use_overlay=&#8220;off&#8220; sticky=&#8220;off&#8220; align=&#8220;left&#8220; always_center_on_mobile=&#8220;on&#8220; border_style=&#8220;solid&#8220; force_fullwidth=&#8220;off&#8220; \/][\/et_pb_column][et_pb_column type=&#8220;1_2&#8243;][et_pb_text _builder_version=&#8220;3.0.59&#8243; background_layout=&#8220;light&#8220; text_orientation=&#8220;left&#8220; border_style=&#8220;solid&#8220;]<\/p>\n<h1>KREATIVE AKZENTE IM WOHNRAUM<\/h1>\n<p>Bilder sind die Seele eines Raumes. Sie pr\u00e4gen die Wohnatmosph\u00e4re und verraten viel \u00fcber ihre Besitzer, \u00fcber deren Lebensstil und Lebenseinstellung. Wir beraten Sie gerne und kompetent in der Entwicklung individueller und exklusiver Wohnkonzepte in Verbindung mit Kunst \u2013 am besten vor Ort. Wir nehmen Ihre W\u00fcnsche auf und entwickeln gemeinsam mit Ihnen L\u00f6sungen f\u00fcr Ihren ganz pers\u00f6nlichen Stil und Geschmack.<\/p>\n<p>[\/et_pb_text][et_pb_image _builder_version=&#8220;3.0.59&#8243; src=&#8220;https:\/\/www.galerie-kunststuecke-muenchen.de\/wp-content\/uploads\/2017\/04\/Whiteposterinhipsteroffice3dillustration.jpg&#8220; show_in_lightbox=&#8220;off&#8220; url_new_window=&#8220;off&#8220; use_overlay=&#8220;off&#8220; sticky=&#8220;off&#8220; align=&#8220;left&#8220; always_center_on_mobile=&#8220;on&#8220; border_style=&#8220;solid&#8220; force_fullwidth=&#8220;off&#8220; \/][et_pb_text _builder_version=&#8220;3.0.59&#8243; background_layout=&#8220;light&#8220; text_orientation=&#8220;left&#8220; border_style=&#8220;solid&#8220;]<\/p>\n<h1>KUNST IN UNTERNEHMEN<\/h1>\n<p>Ein repr\u00e4sentativer Eingangsbereich bzw. die individuelle Ausstattung von Besprechungszimmer und Vorstandsetage ist f\u00fcr jedes Unternehmen eine Visitenkarte. Neben bekannten Namen aus der Kunstszene binden wir auch gerne junge, noch unbekanntere K\u00fcnstler in unsere Konzepte ein.<\/p>\n<p>[\/et_pb_text][et_pb_blurb title=&#8220;Kontaktieren Sie uns&#8220; _builder_version=&#8220;3.0.59&#8243; url_new_window=&#8220;off&#8220; use_icon=&#8220;off&#8220; use_circle=&#8220;off&#8220; use_circle_border=&#8220;off&#8220; icon_placement=&#8220;top&#8220; use_icon_font_size=&#8220;off&#8220; background_layout=&#8220;light&#8220; border_style=&#8220;solid&#8220; animation=&#8220;top&#8220;]<\/p>\n<p>Galerie Kunstst\u00fccke M\u00fcnchen<br \/>\nTelefon: 0170\/2457631<\/p>\n<h5><a href=\"mailto:info@galeriekunststuecke.de\">info@galeriekunststuecke.de<\/a><\/h5>\n<p>[\/et_pb_blurb][et_pb_button _builder_version=&#8220;3.0.59&#8243; button_text=&#8220;Kontakt&#8220; button_url=&#8220;https:\/\/www.galerie-kunststuecke-muenchen.de\/?page_id=969&#8243; url_new_window=&#8220;on&#8220; button_alignment=&#8220;left&#8220; background_layout=&#8220;dark&#8220; custom_button=&#8220;off&#8220; button_letter_spacing=&#8220;0&#8243; button_icon_placement=&#8220;right&#8220; button_letter_spacing_hover=&#8220;0&#8243; \/][\/et_pb_column][\/et_pb_row][\/et_pb_section]<\/p>\n","protected":false},"excerpt":{"rendered":"<p><div class=\"et_pb_row et_pb_row_0 et_pb_row_empty\">\n\t\t\t\t\n\t\t\t\t\n\t\t\t\t\n\t\t\t\t\n\t\t\t\t\n\t\t\t<\/div> Individuelle Kunst-Beratung und Konzepte f\u00fcr private und gesch\u00e4ftliche Interieurs ZEIGEN SIE IHREN PERS\u00d6NLICHEN STIL Gerne machen wir uns in Ihrem Auftrag auch auf die Suche nach speziellen Bildern bzw. Skulpturen. Auf Wunsch beraten wir Sie auch bei der k\u00fcnstlerischen Gestaltung Ihres Gartens oder Ihrer Au\u00dfenanlagen. Auch f\u00fcr Unternehmen bieten wir individuelle Konzepte in Sachen [&hellip;]<\/p>\n","protected":false},"author":3,"featured_media":0,"parent":0,"menu_order":0,"comment_status":"closed","ping_status":"closed","template":"","meta":{"_et_pb_use_builder":"on","_et_pb_old_content":"","_et_gb_content_width":"","_monsterinsights_skip_tracking":false,"_monsterinsights_sitenote_active":false,"_monsterinsights_sitenote_note":"","_monsterinsights_sitenote_category":0,"footnotes":""},"class_list":["post-110","page","type-page","status-publish","hentry"],"_links":{"self":[{"href":"https:\/\/www.galerie-kunststuecke-muenchen.de\/index.php?rest_route=\/wp\/v2\/pages\/110","targetHints":{"allow":["GET"]}}],"collection":[{"href":"https:\/\/www.galerie-kunststuecke-muenchen.de\/index.php?rest_route=\/wp\/v2\/pages"}],"about":[{"href":"https:\/\/www.galerie-kunststuecke-muenchen.de\/index.php?rest_route=\/wp\/v2\/types\/page"}],"author":[{"embeddable":true,"href":"https:\/\/www.galerie-kunststuecke-muenchen.de\/index.php?rest_route=\/wp\/v2\/users\/3"}],"replies":[{"embeddable":true,"href":"https:\/\/www.galerie-kunststuecke-muenchen.de\/index.php?rest_route=%2Fwp%2Fv2%2Fcomments&post=110"}],"version-history":[{"count":42,"href":"https:\/\/www.galerie-kunststuecke-muenchen.de\/index.php?rest_route=\/wp\/v2\/pages\/110\/revisions"}],"predecessor-version":[{"id":2435,"href":"https:\/\/www.galerie-kunststuecke-muenchen.de\/index.php?rest_route=\/wp\/v2\/pages\/110\/revisions\/2435"}],"wp:attachment":[{"href":"https:\/\/www.galerie-kunststuecke-muenchen.de\/index.php?rest_route=%2Fwp%2Fv2%2Fmedia&parent=110"}],"curies":[{"name":"wp","href":"https:\/\/api.w.org\/{rel}","templated":true}]}}