{"id":5188,"date":"2017-06-20T09:50:17","date_gmt":"2017-06-20T09:50:17","guid":{"rendered":"https:\/\/www.galerie-kunststuecke-muenchen.de\/?post_type=project&#038;p=5188"},"modified":"2022-01-18T13:06:55","modified_gmt":"2022-01-18T13:06:55","slug":"inge-knorr","status":"publish","type":"project","link":"https:\/\/www.galerie-kunststuecke-muenchen.de\/?project=inge-knorr","title":{"rendered":"INGE KNORR"},"content":{"rendered":"<p>[et_pb_section fb_built=&#8220;1&#8243; _builder_version=&#8220;3.22&#8243;][et_pb_row column_structure=&#8220;1_2,1_2&#8243; _builder_version=&#8220;4.9.4&#8243; background_size=&#8220;initial&#8220; background_position=&#8220;top_left&#8220; background_repeat=&#8220;repeat&#8220;][et_pb_column type=&#8220;1_2&#8243; _builder_version=&#8220;3.25&#8243; custom_padding=&#8220;|||&#8220; custom_padding__hover=&#8220;|||&#8220;][et_pb_image src=&#8220;https:\/\/www.galerie-kunststuecke-muenchen.de\/wp-content\/uploads\/2021\/10\/portrait-inge-4.jpeg&#8220; title_text=&#8220;portrait inge (4)&#8220; align_tablet=&#8220;center&#8220; align_phone=&#8220;&#8220; align_last_edited=&#8220;on|desktop&#8220; _builder_version=&#8220;4.9.4&#8243; animation_style=&#8220;slide&#8220; animation_direction=&#8220;left&#8220; animation_duration=&#8220;500ms&#8220; animation_intensity_slide=&#8220;10%&#8220; sticky=&#8220;off&#8220; border_style=&#8220;solid&#8220; always_center_on_mobile=&#8220;on&#8220;][\/et_pb_image][et_pb_image src=&#8220;https:\/\/www.galerie-kunststuecke-muenchen.de\/wp-content\/uploads\/2022\/01\/IMG-20211110-WA0018.jpg&#8220; title_text=&#8220;IMG-20211110-WA0018&#8243; align_tablet=&#8220;center&#8220; align_phone=&#8220;&#8220; align_last_edited=&#8220;on|desktop&#8220; _builder_version=&#8220;4.9.4&#8243; animation_style=&#8220;slide&#8220; animation_direction=&#8220;left&#8220; animation_duration=&#8220;500ms&#8220; animation_intensity_slide=&#8220;10%&#8220; hover_enabled=&#8220;0&#8243; sticky=&#8220;off&#8220; border_style=&#8220;solid&#8220; always_center_on_mobile=&#8220;on&#8220; sticky_enabled=&#8220;0&#8243;][\/et_pb_image][et_pb_image src=&#8220;https:\/\/www.galerie-kunststuecke-muenchen.de\/wp-content\/uploads\/2021\/10\/3inselbuch-3-scaled.jpg&#8220; title_text=&#8220;3inselbuch (3)&#8220; align_tablet=&#8220;center&#8220; align_phone=&#8220;&#8220; align_last_edited=&#8220;on|desktop&#8220; _builder_version=&#8220;4.9.4&#8243; animation_style=&#8220;slide&#8220; animation_direction=&#8220;left&#8220; animation_duration=&#8220;500ms&#8220; animation_intensity_slide=&#8220;10%&#8220; sticky=&#8220;off&#8220; border_style=&#8220;solid&#8220; always_center_on_mobile=&#8220;on&#8220;][\/et_pb_image][et_pb_image src=&#8220;https:\/\/www.galerie-kunststuecke-muenchen.de\/wp-content\/uploads\/2021\/10\/2bGemuesekiste-scaled.jpg&#8220; title_text=&#8220;2bGem\u00fcsekiste&#8220; align_tablet=&#8220;center&#8220; align_phone=&#8220;&#8220; align_last_edited=&#8220;on|desktop&#8220; _builder_version=&#8220;4.9.4&#8243; animation_style=&#8220;slide&#8220; animation_direction=&#8220;left&#8220; animation_duration=&#8220;500ms&#8220; animation_intensity_slide=&#8220;10%&#8220; sticky=&#8220;off&#8220; border_style=&#8220;solid&#8220; always_center_on_mobile=&#8220;on&#8220;][\/et_pb_image][et_pb_image src=&#8220;https:\/\/www.galerie-kunststuecke-muenchen.de\/wp-content\/uploads\/2021\/10\/collage-scaled.jpg&#8220; title_text=&#8220;collage&#8220; align_tablet=&#8220;center&#8220; align_phone=&#8220;&#8220; align_last_edited=&#8220;on|desktop&#8220; _builder_version=&#8220;4.9.4&#8243; animation_style=&#8220;slide&#8220; animation_direction=&#8220;left&#8220; animation_duration=&#8220;500ms&#8220; animation_intensity_slide=&#8220;10%&#8220; sticky=&#8220;off&#8220; border_style=&#8220;solid&#8220; always_center_on_mobile=&#8220;on&#8220;][\/et_pb_image][\/et_pb_column][et_pb_column type=&#8220;1_2&#8243; _builder_version=&#8220;3.25&#8243; custom_padding=&#8220;|||&#8220; custom_padding__hover=&#8220;|||&#8220;][et_pb_text _builder_version=&#8220;3.27.4&#8243; border_style=&#8220;solid&#8220;]<\/p>\n<h1>INGE KNORR<\/h1>\n<p>wurde 1963 in Wuppertal geboren und hat von 1985-1990 <br \/>an der Folkwang-Schule Essen studiert . <br \/>Sie sagt \u00fcber sich selbst und \u00fcber ihre illustrative Malerei:<\/p>\n<p style=\"margin: 0cm;\"><span style=\"color: #3d3d3d;\"><span style=\"font-size: x-large; font-family: 'Amatic SC';\">&#8222;Ich bin eine unentwegte Geschichtenerz\u00e4hlerin.<\/span><span style=\"font-size: 18pt; font-family: 'Amatic SC';\"><span style=\"font-size: x-large;\">\u00a0<\/span>\u00a0<o:p><\/o:p><\/span><\/span><\/p>\n<p style=\"margin: 0cm;\"><span style=\"font-size: large; color: #3d3d3d;\"><span style=\"font-family: 'Amatic SC';\">Ich liebe das Bizarre der menschlichen Begegnungen und verstehe es, aus Alltagssituationen eine besondere Begebenheit zu kreieren. Phantasie und Wirklichkeit mischen sich wie selbstverst\u00e4ndlich auf meinen Bildern. <\/span><span style=\"font-family: 'Amatic SC';\">Vielleicht wird Dein Kopf wach beim Anblick meiner Bilder!?&#8220;<\/span><\/span><span style=\"font-size: 18.0pt; font-family: 'Amatic SC'; color: #890045;\"><o:p><\/o:p><\/span><\/p>\n<p>&nbsp;<\/p>\n<p>&nbsp;<\/p>\n<p>[\/et_pb_text][et_pb_blurb title=&#8220;AUSSTELLUNGEN (Auswahl)&#8220; image_max_width=&#8220;none&#8220; _builder_version=&#8220;3.0.87&#8243; custom_padding=&#8220;||0px|||&#8220; border_style=&#8220;solid&#8220;]<\/p>\n<p><strong>2020<\/strong>\u00a0 \u00a0Projekt \u201eEiner geht \u00fcber das Land\u201c<br \/><strong>2019\u00a0<\/strong> \u00a0 Kunstverein Bonn Bad Godesberg<br \/><strong>2018<\/strong>\u00a0 \u00a0 Strandhalle Ahrenshoop,<br \/>\u00a0 \u00a0 \u00a0 \u00a0 \u00a0 \u00a0 \u00a0 \u00a0Kunststation Marienhospital, Herne-Eickel<br \/><strong>2017\u00a0 \u00a0 <\/strong>Kunsttage Rhein Erft, Abtei Brauweiler<br \/><strong>2015\u00a0 \u00a0 <\/strong>Bandfabrik Wuppertal<br \/>\u00a0 \u00a0 \u00a0 \u00a0 \u00a0 \u00a0 \u00a0 \u00a0Kunsttage Rhein-Erft, Abtei Brauweiler<br \/><strong>2014\u00a0 \u00a0 <\/strong>Rathaus der Stadt Sprockh\u00f6vel<br \/>\u00a0 \u00a0 \u00a0 \u00a0 \u00a0 \u00a0 \u00a0 \u00a0Bauverein Sprockh\u00f6vel<br \/><strong>2014\u00a0 \u00a0 <\/strong>Galerie 46, M\u00fclheim<br \/><strong>2013\u00a0 \u00a0 <\/strong>Bayer Leverkusen<br \/><strong>2012\u00a0 \u00a0 <\/strong>Kunsttage Rhein-Erft, Abtei Brauweiler<br \/><strong>2010\u00a0 \u00a0 <\/strong>Galerie der Klinik Hattingen Blankenstein<br \/>\u00a0 \u00a0 \u00a0 \u00a0 \u00a0 \u00a0 \u00a0 Forschungs- und Entwicklungszentrum Witten FEZ<br \/><strong>2009\u00a0 \u00a0 <\/strong>Galerie der VHS Schwetzingen<br \/><strong>2008\u00a0 \u00a0 <\/strong>Bauverein Sprockh\u00f6vel<br \/><strong>1997-2003\u00a0 \u00a0 <\/strong>Galerie Kunst Luley, Wuppertal<br \/><strong>1996\u00a0 \u00a0 <\/strong>Stadtsparkasse Ratingen<br \/><strong>1994\u00a0 \u00a0 <\/strong>Gallery &#8222;C&#8220;, Raleigh, North Carolina<br \/>\u00a0 \u00a0 \u00a0 \u00a0 \u00a0 \u00a0 \u00a0 Dresdner Bank Wuppertal<br \/><strong>1993\u00a0 \u00a0 <\/strong>Gallery &#8222;C&#8220;, Raleigh, North Carolina<br \/><strong>1992\u00a0 \u00a0 <\/strong>Galerie Polyprint, Wuppertal<br \/><strong>1990\u00a0 \u00a0 <\/strong>Galerie Polyprint, Wuppertal<strong>\u00a0 \u00a0\u00a0<\/strong><\/p>\n<p>[\/et_pb_blurb][\/et_pb_column][\/et_pb_row][et_pb_row _builder_version=&#8220;3.25&#8243; background_size=&#8220;initial&#8220; background_position=&#8220;top_left&#8220; background_repeat=&#8220;repeat&#8220;][et_pb_column type=&#8220;4_4&#8243; _builder_version=&#8220;3.25&#8243; custom_padding=&#8220;|||&#8220; custom_padding__hover=&#8220;|||&#8220;][et_pb_gallery gallery_ids=&#8220;5963,5967,5958,5966,5956,5957,5954,5953,5952,5969,5993,5964,5965,6804,6802,6801,6800,6799,6798,6797,6796,6795,6792,6794,6793,6817,6781,6791,6779,6790,6782,6785,6789,6787,6780,6816&#8243; posts_number=&#8220;50&#8243; show_title_and_caption=&#8220;off&#8220; show_pagination=&#8220;off&#8220; _builder_version=&#8220;4.9.4&#8243; border_style=&#8220;solid&#8220;][\/et_pb_gallery][\/et_pb_column][\/et_pb_row][\/et_pb_section]<\/p>\n","protected":false},"excerpt":{"rendered":"<p>INGE KNORR wurde 1963 in Wuppertal geboren und hat von 1985-1990 an der Folkwang-Schule Essen studiert . Sie sagt \u00fcber sich selbst und \u00fcber ihre illustrative Malerei: &#8222;Ich bin eine unentwegte Geschichtenerz\u00e4hlerin.\u00a0\u00a0 Ich liebe das Bizarre der menschlichen Begegnungen und verstehe es, aus Alltagssituationen eine besondere Begebenheit zu kreieren. Phantasie und Wirklichkeit mischen sich wie [&hellip;]<\/p>\n","protected":false},"author":5,"featured_media":6781,"comment_status":"open","ping_status":"closed","template":"","meta":{"_et_pb_use_builder":"on","_et_pb_old_content":"","_et_gb_content_width":"","_monsterinsights_skip_tracking":false,"_monsterinsights_sitenote_active":false,"_monsterinsights_sitenote_note":"","_monsterinsights_sitenote_category":0,"footnotes":""},"project_category":[32,35],"project_tag":[],"class_list":["post-5188","project","type-project","status-publish","has-post-thumbnail","hentry","project_category-malerei","project_category-objekte"],"_links":{"self":[{"href":"https:\/\/www.galerie-kunststuecke-muenchen.de\/index.php?rest_route=\/wp\/v2\/project\/5188","targetHints":{"allow":["GET"]}}],"collection":[{"href":"https:\/\/www.galerie-kunststuecke-muenchen.de\/index.php?rest_route=\/wp\/v2\/project"}],"about":[{"href":"https:\/\/www.galerie-kunststuecke-muenchen.de\/index.php?rest_route=\/wp\/v2\/types\/project"}],"author":[{"embeddable":true,"href":"https:\/\/www.galerie-kunststuecke-muenchen.de\/index.php?rest_route=\/wp\/v2\/users\/5"}],"replies":[{"embeddable":true,"href":"https:\/\/www.galerie-kunststuecke-muenchen.de\/index.php?rest_route=%2Fwp%2Fv2%2Fcomments&post=5188"}],"version-history":[{"count":33,"href":"https:\/\/www.galerie-kunststuecke-muenchen.de\/index.php?rest_route=\/wp\/v2\/project\/5188\/revisions"}],"predecessor-version":[{"id":7008,"href":"https:\/\/www.galerie-kunststuecke-muenchen.de\/index.php?rest_route=\/wp\/v2\/project\/5188\/revisions\/7008"}],"wp:featuredmedia":[{"embeddable":true,"href":"https:\/\/www.galerie-kunststuecke-muenchen.de\/index.php?rest_route=\/wp\/v2\/media\/6781"}],"wp:attachment":[{"href":"https:\/\/www.galerie-kunststuecke-muenchen.de\/index.php?rest_route=%2Fwp%2Fv2%2Fmedia&parent=5188"}],"wp:term":[{"taxonomy":"project_category","embeddable":true,"href":"https:\/\/www.galerie-kunststuecke-muenchen.de\/index.php?rest_route=%2Fwp%2Fv2%2Fproject_category&post=5188"},{"taxonomy":"project_tag","embeddable":true,"href":"https:\/\/www.galerie-kunststuecke-muenchen.de\/index.php?rest_route=%2Fwp%2Fv2%2Fproject_tag&post=5188"}],"curies":[{"name":"wp","href":"https:\/\/api.w.org\/{rel}","templated":true}]}}

<p>[et_pb_section fb_built=&#8220;1&#8243; _builder_version=&#8220;3.22&#8243;][et_pb_row column_structure=&#8220;1_2,1_2&#8243; _builder_version=&#8220;4.9.4&#8243; background_size=&#8220;initial&#8220; background_position=&#8220;top_left&#8220; background_repeat=&#8220;repeat&#8220;][et_pb_column type=&#8220;1_2&#8243; _builder_version=&#8220;3.25&#8243; custom_padding=&#8220;|||&#8220; custom_padding__hover=&#8220;|||&#8220;][et_pb_image src=&#8220;https://www.galerie-kunststuecke-muenchen.de/wp-content/uploads/2021/10/portrait-inge-4.jpeg&#8220; title_text=&#8220;portrait inge (4)&#8220; align_tablet=&#8220;center&#8220; align_phone=&#8220;&#8220; align_last_edited=&#8220;on|desktop&#8220; _builder_version=&#8220;4.9.4&#8243; animation_style=&#8220;slide&#8220; animation_direction=&#8220;left&#8220; animation_duration=&#8220;500ms&#8220; animation_intensity_slide=&#8220;10%&#8220; sticky=&#8220;off&#8220; border_style=&#8220;solid&#8220; always_center_on_mobile=&#8220;on&#8220;][/et_pb_image][et_pb_image src=&#8220;https://www.galerie-kunststuecke-muenchen.de/wp-content/uploads/2022/01/IMG-20211110-WA0018.jpg&#8220; title_text=&#8220;IMG-20211110-WA0018&#8243; align_tablet=&#8220;center&#8220; align_phone=&#8220;&#8220; align_last_edited=&#8220;on|desktop&#8220; _builder_version=&#8220;4.9.4&#8243; animation_style=&#8220;slide&#8220; animation_direction=&#8220;left&#8220; animation_duration=&#8220;500ms&#8220; animation_intensity_slide=&#8220;10%&#8220; hover_enabled=&#8220;0&#8243; sticky=&#8220;off&#8220; border_style=&#8220;solid&#8220; always_center_on_mobile=&#8220;on&#8220; sticky_enabled=&#8220;0&#8243;][/et_pb_image][et_pb_image src=&#8220;https://www.galerie-kunststuecke-muenchen.de/wp-content/uploads/2021/10/3inselbuch-3-scaled.jpg&#8220; title_text=&#8220;3inselbuch (3)&#8220; align_tablet=&#8220;center&#8220; align_phone=&#8220;&#8220; align_last_edited=&#8220;on|desktop&#8220; _builder_version=&#8220;4.9.4&#8243; animation_style=&#8220;slide&#8220; animation_direction=&#8220;left&#8220; animation_duration=&#8220;500ms&#8220; animation_intensity_slide=&#8220;10%&#8220; sticky=&#8220;off&#8220; border_style=&#8220;solid&#8220; always_center_on_mobile=&#8220;on&#8220;][/et_pb_image][et_pb_image src=&#8220;https://www.galerie-kunststuecke-muenchen.de/wp-content/uploads/2021/10/2bGemuesekiste-scaled.jpg&#8220; title_text=&#8220;2bGemüsekiste&#8220; align_tablet=&#8220;center&#8220; align_phone=&#8220;&#8220; align_last_edited=&#8220;on|desktop&#8220; _builder_version=&#8220;4.9.4&#8243; animation_style=&#8220;slide&#8220; animation_direction=&#8220;left&#8220; animation_duration=&#8220;500ms&#8220; animation_intensity_slide=&#8220;10%&#8220; sticky=&#8220;off&#8220; border_style=&#8220;solid&#8220; always_center_on_mobile=&#8220;on&#8220;][/et_pb_image][et_pb_image src=&#8220;https://www.galerie-kunststuecke-muenchen.de/wp-content/uploads/2021/10/collage-scaled.jpg&#8220; title_text=&#8220;collage&#8220; align_tablet=&#8220;center&#8220; align_phone=&#8220;&#8220; align_last_edited=&#8220;on|desktop&#8220; _builder_version=&#8220;4.9.4&#8243; animation_style=&#8220;slide&#8220; animation_direction=&#8220;left&#8220; animation_duration=&#8220;500ms&#8220; animation_intensity_slide=&#8220;10%&#8220; sticky=&#8220;off&#8220; border_style=&#8220;solid&#8220; always_center_on_mobile=&#8220;on&#8220;][/et_pb_image][/et_pb_column][et_pb_column type=&#8220;1_2&#8243; _builder_version=&#8220;3.25&#8243; custom_padding=&#8220;|||&#8220; custom_padding__hover=&#8220;|||&#8220;][et_pb_text _builder_version=&#8220;3.27.4&#8243; border_style=&#8220;solid&#8220;]</p>
<h1>INGE KNORR</h1>
<p>wurde 1963 in Wuppertal geboren und hat von 1985-1990 <br />an der Folkwang-Schule Essen studiert . <br />Sie sagt über sich selbst und über ihre illustrative Malerei:</p>
<p style="margin: 0cm;"><span style="color: #3d3d3d;"><span style="font-size: x-large; font-family: 'Amatic SC';">&#8222;Ich bin eine unentwegte Geschichtenerzählerin.</span><span style="font-size: 18pt; font-family: 'Amatic SC';"><span style="font-size: x-large;"> </span> <o:p></o:p></span></span></p>
<p style="margin: 0cm;"><span style="font-size: large; color: #3d3d3d;"><span style="font-family: 'Amatic SC';">Ich liebe das Bizarre der menschlichen Begegnungen und verstehe es, aus Alltagssituationen eine besondere Begebenheit zu kreieren. Phantasie und Wirklichkeit mischen sich wie selbstverständlich auf meinen Bildern. </span><span style="font-family: 'Amatic SC';">Vielleicht wird Dein Kopf wach beim Anblick meiner Bilder!?&#8220;</span></span><span style="font-size: 18.0pt; font-family: 'Amatic SC'; color: #890045;"><o:p></o:p></span></p>
<p>&nbsp;</p>
<p>&nbsp;</p>
<p>[/et_pb_text][et_pb_blurb title=&#8220;AUSSTELLUNGEN (Auswahl)&#8220; image_max_width=&#8220;none&#8220; _builder_version=&#8220;3.0.87&#8243; custom_padding=&#8220;||0px|||&#8220; border_style=&#8220;solid&#8220;]</p>
<p><strong>2020</strong>   Projekt „Einer geht über das Land“<br /><strong>2019 </strong>   Kunstverein Bonn Bad Godesberg<br /><strong>2018</strong>    Strandhalle Ahrenshoop,<br />               Kunststation Marienhospital, Herne-Eickel<br /><strong>2017    </strong>Kunsttage Rhein Erft, Abtei Brauweiler<br /><strong>2015    </strong>Bandfabrik Wuppertal<br />               Kunsttage Rhein-Erft, Abtei Brauweiler<br /><strong>2014    </strong>Rathaus der Stadt Sprockhövel<br />               Bauverein Sprockhövel<br /><strong>2014    </strong>Galerie 46, Mülheim<br /><strong>2013    </strong>Bayer Leverkusen<br /><strong>2012    </strong>Kunsttage Rhein-Erft, Abtei Brauweiler<br /><strong>2010    </strong>Galerie der Klinik Hattingen Blankenstein<br />              Forschungs- und Entwicklungszentrum Witten FEZ<br /><strong>2009    </strong>Galerie der VHS Schwetzingen<br /><strong>2008    </strong>Bauverein Sprockhövel<br /><strong>1997-2003    </strong>Galerie Kunst Luley, Wuppertal<br /><strong>1996    </strong>Stadtsparkasse Ratingen<br /><strong>1994    </strong>Gallery &#8222;C&#8220;, Raleigh, North Carolina<br />              Dresdner Bank Wuppertal<br /><strong>1993    </strong>Gallery &#8222;C&#8220;, Raleigh, North Carolina<br /><strong>1992    </strong>Galerie Polyprint, Wuppertal<br /><strong>1990    </strong>Galerie Polyprint, Wuppertal<strong>    </strong></p>
<p>[/et_pb_blurb][/et_pb_column][/et_pb_row][et_pb_row _builder_version=&#8220;3.25&#8243; background_size=&#8220;initial&#8220; background_position=&#8220;top_left&#8220; background_repeat=&#8220;repeat&#8220;][et_pb_column type=&#8220;4_4&#8243; _builder_version=&#8220;3.25&#8243; custom_padding=&#8220;|||&#8220; custom_padding__hover=&#8220;|||&#8220;][et_pb_gallery gallery_ids=&#8220;5963,5967,5958,5966,5956,5957,5954,5953,5952,5969,5993,5964,5965,6804,6802,6801,6800,6799,6798,6797,6796,6795,6792,6794,6793,6817,6781,6791,6779,6790,6782,6785,6789,6787,6780,6816&#8243; posts_number=&#8220;50&#8243; show_title_and_caption=&#8220;off&#8220; show_pagination=&#8220;off&#8220; _builder_version=&#8220;4.9.4&#8243; border_style=&#8220;solid&#8220;][/et_pb_gallery][/et_pb_column][/et_pb_row][/et_pb_section]</p>

<p>INGE KNORR wurde 1963 in Wuppertal geboren und hat von 1985-1990 an der Folkwang-Schule Essen studiert . Sie sagt über sich selbst und über ihre illustrative Malerei: &#8222;Ich bin eine unentwegte Geschichtenerzählerin.   Ich liebe das Bizarre der menschlichen Begegnungen und verstehe es, aus Alltagssituationen eine besondere Begebenheit zu kreieren. Phantasie und Wirklichkeit mischen sich wie [&hellip;]</p>
